{"id":19,"date":"2019-04-18T11:08:43","date_gmt":"2019-04-18T11:08:43","guid":{"rendered":"https:\/\/envothemes.com\/envo-ecommerce\/product\/import-placeholder-for-49\/"},"modified":"2022-12-29T15:26:38","modified_gmt":"2022-12-29T15:26:38","slug":"trabzon-hurmasi-hachia","status":"publish","type":"product","link":"http:\/\/yalovaorganik.com\/index.php\/urun\/trabzon-hurmasi-hachia\/","title":{"rendered":"Trabzon Hurmas\u0131 Hachia"},"content":{"rendered":"<p>Trabzon Hurmas\u0131 Hachia<\/p>\n<pre>Meyveleri yenen k\u00fclt\u00fcr \u00e7e\u015fitlerinin anac\u0131 (D.kaki), kaz\u0131k k\u00f6kl\u00fcd\u00fcr, az miktarda sa\u00e7ak k\u00f6kleri bulunur.\r\nTrabzon hurmas\u0131 a\u011fac\u0131n\u0131n g\u00f6vdesi gri renklidir.\r\nKullan\u0131lan anac\u0131n \u00e7e\u015fidin kuvvetine ve ya\u015f\u0131na g\u00f6re g\u00f6vde 12-35 cm \u00e7ap\u0131nda olmakta, boyu ise ortalama 5-6 m olmakla beraber12 m'ye kadar ula\u015fabilmektedir.\r\nTrabzon hurmas\u0131 a\u011fa\u00e7lar\u0131 dik, yar\u0131 dik veya yayvan olarak geli\u015fir, \u00e7e\u015fitlere g\u00f6re dallar orta kuvvette veya kuvvetli geli\u015fmektedir.\r\nDikimin ikinci ve \u00fc\u00e7\u00fcnc\u00fc y\u0131llar\u0131nda fazla miktarda obur dallar g\u00f6r\u00fcl\u00fcr.\r\nObur dallar kuvvetli ve dik olarak b\u00fcy\u00fcr, dallanmaz. TRABZON HURMASI YET\u0130\u015eT\u0130R\u0130C\u0130L\u0130\u011e\u0130:\r\n\r\nTRABZON HURMASININ \u00d6ZELL\u0130KLER\u0130\r\n\r\nTrabzon hurmas\u0131 a\u011fac\u0131n\u0131n k\u00f6k sistemi kullan\u0131lan ana\u00e7 t\u00fcr\u00fcne g\u00f6re de\u011fi\u015fik yap\u0131dad\u0131r. Meyveleri yenen k\u00fclt\u00fcr \u00e7e\u015fitlerinin anac\u0131 (D.kaki), kaz\u0131k k\u00f6kl\u00fcd\u00fcr, az miktarda sa\u00e7ak k\u00f6kleri bulunur.\r\n\r\nTrabzon hurmas\u0131 a\u011fac\u0131n\u0131n g\u00f6vdesi gri renklidir. Kullan\u0131lan anac\u0131n \u00e7e\u015fidin kuvvetine ve ya\u015f\u0131na g\u00f6re g\u00f6vde 12-35 cm \u00e7ap\u0131nda olmakta, boyu ise ortalama 5-6 m olmakla beraber 12 m'ye kadar ula\u015fabilmektedir.\r\n\r\nTrabzon hurmas\u0131 a\u011fa\u00e7lar\u0131 dik, yar\u0131 dik veya yayvan olarak geli\u015fir, \u00e7e\u015fitlere g\u00f6re dallar orta kuvvette veya kuvvetli geli\u015fmektedir. Dikimin ikinci ve \u00fc\u00e7\u00fcnc\u00fc y\u0131llar\u0131nda fazla miktarda obur dallar g\u00f6r\u00fcl\u00fcr. Obur dallar kuvvetli ve dik olarak b\u00fcy\u00fcr, dallanmaz. \u00dc\u00e7\u00fcnc\u00fc y\u0131ldan itibaren obur dallar azal\u0131r, \u00e7ok say\u0131da k\u0131sa meyve dalc\u0131klar\u0131 olu\u015fur. Dinlenme devresinde tomurcuklar belirgin ve koyu kahverengidir. Baz\u0131 \u00e7e\u015fitler (Fuyu) s\u0131k dallanmakta, baz\u0131 \u00e7e\u015fitler (Hachiya) ise seyrek dallanmaktad\u0131r.\r\n\r\nYapraklar\u0131n \u00fcst y\u00fcz\u00fc d\u00fcz, alt y\u00fcz\u00fc t\u00fcyl\u00fcd\u00fcr. \u0130lkbaharda yeni \u00e7\u0131kt\u0131klar\u0131nda parlak a\u00e7\u0131k ye\u015fil renktedir, daha sonra parlak koyu ye\u015fil renk al\u0131r. Sonbaharda ise soluk ye\u015fil-sar\u0131-turuncu-k\u0131rm\u0131z\u0131 renklere d\u00f6n\u00fc\u015ferek dekoratif bir g\u00f6r\u00fcn\u00fcm al\u0131r. Bu \u00f6zelliklerinden dolay\u0131 g\u00fczel bir s\u00fcs a\u011fac\u0131 olarak peyzaj mimarisinde kullan\u0131l\u0131r.\r\n\r\nTrabzon hurmas\u0131 a\u011fa\u00e7lar\u0131nda \u00fc\u00e7 tip \u00e7i\u00e7ek vard\u0131r:\r\n\r\na) Erdi\u015fi \u00e7i\u00e7ek: Bu tip \u00e7i\u00e7ekte hem erkek organlar, hem di\u015fi organ bulunur.\r\nb) Di\u015fi \u00e7i\u00e7ek: Erkek organlar bulunmaz, di\u015fi organlar\u0131 vard\u0131r.\r\nc) Erkek \u00e7i\u00e7ek: Erkek organlar\u0131 vard\u0131r, di\u015fi organ\u0131 yoktur. .\r\n\r\n\r\nTRABZON HURMASI YET\u0130\u015eT\u0130R\u0130C\u0130L\u0130\u011e\u0130 \u0130\u00c7\u0130N \u0130KL\u0130M VE TOPRAK \u00d6ZELL\u0130KLER\u0130\r\n\r\nTrabzon hurmas\u0131 bir subtropik iklim meyvesidir. Bununla birlikte s\u0131cak \u0131l\u0131man iklim \u015fartlar\u0131na da adapte olmu\u015ftur. A\u011fac\u0131 k\u0131\u015f\u0131n yapraklar\u0131n\u0131 d\u00f6kt\u00fc\u011f\u00fc i\u00e7in d\u00fc\u015f\u00fck k\u0131\u015f s\u0131cakl\u0131klar\u0131na di\u011fer subtropik meyve t\u00fcrlerine g\u00f6re daha dayan\u0131kl\u0131d\u0131r. Genel olarak -12 dereceye kadar dayanabilmekte, ayr\u0131ca -18 dereceye kadar dayanan \u00e7e\u015fitler de bulunmaktad\u0131r.\r\n\r\nTrabzon hurmas\u0131 \u00e7e\u015fitlerinin \u00e7o\u011funun k\u0131\u015f dinlenme ihtiya\u00e7lar\u0131 7,2 derecenin alt\u0131nda 200-400 saat kadard\u0131r. Akdeniz B\u00f6lgesi k\u0131y\u0131 \u015feridinde odun g\u00f6z\u00fc s\u00fcrmesi, mart ay\u0131n\u0131n ilk yar\u0131s\u0131nda, \u00e7i\u00e7eklenme ise nisan sonlar\u0131nda olmaktad\u0131r. Trabzon hurmalar\u0131 ge\u00e7 \u00e7i\u00e7eklendikleri i\u00e7in erken ilkbahar donlar\u0131ndan etkilenmezler. \u00c7e\u015fitlerin meyvelerini olgunla\u015ft\u0131rabilmeleri i\u00e7in 140-160 g\u00fcn gibi uzun bir zaman aral\u0131\u011f\u0131na ihtiya\u00e7lar\u0131 vard\u0131r. Sertken yenebilen (tad\u0131 buruk olmayan) \u00e7e\u015fitler, meyvelerini olgunla\u015ft\u0131rabilmeleri i\u00e7in di\u011ferlerine g\u00f6re daha fazla s\u0131cakl\u0131k toplam\u0131na ihtiya\u00e7 duyarlar.\r\n\r\nTrabzon hurmalar\u0131 y\u00fcksek hava nemi isterler ve en kaliteli meyveler nemli b\u00f6lgelerden elde edilir. Hava neminin az oldu\u011fu b\u00f6lgelerde sulama yap\u0131larak iyi \u00fcr\u00fcn al\u0131nabilir. Ancak bu b\u00f6lgelerde meyvelerde g\u00fcne\u015f yan\u0131kl\u0131\u011f\u0131 g\u00f6r\u00fclebilir, tedbir al\u0131nmal\u0131d\u0131r.\r\n\r\nTrabzon hurmas\u0131 a\u011fa\u00e7lar\u0131 genel olarak r\u00fczgarlardan zarar g\u00f6rmez. Ancak fazla r\u00fczgar alan yerlerde, sonbaharda meyve olgunluk zaman\u0131nda meyveler yaprak ve dallardan zarar g\u00f6r\u00fcr ve kalitenin d\u00fc\u015fmesine neden olur. Trabzon hurmas\u0131 a\u011fac\u0131n\u0131n dallar\u0131 \u00e7ok gevrektir, bu y\u00fczden \u015fiddetli r\u00fczgar, meyve y\u00fckl\u00fc dallar\u0131n k\u0131r\u0131lmas\u0131na sebep olabilir. Bu durumu \u00f6nlemek i\u00e7in dallar mutlaka hereklerle desteklenmelidir.\r\n\r\nTrabzon hurmalar\u0131 i\u00e7in en uygun toprak tipi; orta a\u011f\u0131r, organik maddece zengin ve iyi drene edilmi\u015f derin topraklard\u0131r. PH's\u0131 6,5-7,0 olan topraklarda yeti\u015ftiricilik iyi sonu\u00e7 verir. Bununla birlikte \u00e7ok hafif topraklardan, \u00e7ok a\u011f\u0131r topraklara kadar de\u011fi\u015fik toprak tiplerine de uyum sa\u011flar. Kire\u00e7 muhtevas\u0131 %20'ye kadar olan topraklarda yeti\u015febilir.\r\n\r\nTRABZON HURMASI BAH\u00c7ES\u0130 TES\u0130S\u0130\r\n\r\nBah\u00e7e yeri haz\u0131rl\u0131\u011f\u0131na yaz aylar\u0131nda ba\u015flanmal\u0131d\u0131r. Beslenme ile ilgili sorunlar\u0131n olmamas\u0131 i\u00e7in toprak analizi yapt\u0131r\u0131lmal\u0131 ve analiz sonu\u00e7lar\u0131na g\u00f6re gerekli g\u00fcbreler verilmelidir. Fazla ya\u011f\u0131\u015f alan taban suyunun sorun oldu\u011fu yerlerde topra\u011f\u0131n drenaj\u0131 yap\u0131lmal\u0131d\u0131r. Toprak organik maddece zengin de\u011filse, dekara 3-4 ton \u00e7iftlik g\u00fcbresi verilmeli veya ye\u015fil g\u00fcbre ile g\u00fcbrelenmelidir. Sonbaharda derin bir s\u00fcr\u00fcm yap\u0131lmal\u0131 ve e\u011fer, bah\u00e7e yeri engebeli ise tesviye edilmelidir. Bah\u00e7e yeri \u00e7ok meyilli ise teraslama yap\u0131lmas\u0131 gerekir.\r\n\r\nTrabzon hurmas\u0131 meyveleri r\u00fczgarlar\u0131n sebep oldu\u011fu yaprak ve k\u00fc\u00e7\u00fck dallar\u0131n meydana getirebilece\u011fi berelenmelere \u00e7ok hassast\u0131r. Bu sebepten fazla r\u00fczgar alan yerlerde bah\u00e7e tesisinden \u00f6nce, bah\u00e7e kenar\u0131 bir veya iki s\u0131ral\u0131 olarak r\u00fczgark\u0131ranlarla \u00e7evrilmelidir. Selvi veya okalipt\u00fcs a\u011fa\u00e7lar\u0131 r\u00fczgark\u0131ran olarak dikilebilir.\r\n\r\nDikim \u00e7ukurlar\u0131 60-70 cm derinlik ve geni\u015flikte a\u00e7\u0131lmal\u0131d\u0131r. Dikim, fidanlar yapraklar\u0131n\u0131 d\u00f6kt\u00fckten sonra ba\u015flamak \u00fczere, ilkbahara kadar olan devrede yap\u0131labilir. K\u0131\u015flar\u0131 so\u011fuk ge\u00e7en yerlerde ilkbahar dikimi tercih edilmelidir.\r\n\r\nDikim s\u0131ras\u0131nda, fidana k\u00f6k budamas\u0131 yap\u0131lmal\u0131d\u0131r. Birbirine girmi\u015f ve s\u00f6k\u00fcm s\u0131ras\u0131nda berelenmi\u015f olan k\u00f6kler, yara yeri \u00fczerinden kesilir. Fidanlar\u0131n kaz\u0131k k\u00f6k\u00fc fazla k\u0131salt\u0131lmamal\u0131d\u0131r, \u00e7\u00fcnk\u00fc sa\u00e7ak k\u00f6kleri fazla de\u011fildir. Fidanlar, fidanl\u0131ktan s\u00f6k\u00fcld\u00fckleri derinlikte dikilmelidir. Dikimden hemen sonra can suyu verilmelidir. Yeni dikilmi\u015f fidanlar\u0131n ya\u011f\u0131\u015f ve r\u00fczgarlar\u0131n etkisi ile e\u011filmemesi i\u00e7in fidanlar hereklerle ba\u011flanmal\u0131d\u0131r. Dikimden sonra fidanlar\u0131n tepeleri 60-70 cm'den iyi geli\u015fmi\u015f bir g\u00f6z \u00fczerinden kesilir.\r\n\r\nDikilecek \u00e7e\u015fidin se\u00e7imi yap\u0131l\u0131rken, pazar de\u011feri y\u00fcksek olan \u00e7e\u015fitlere \u00f6nem verilmelidir. \u0130\u00e7 pazar yan\u0131nda d\u0131\u015f pazar istekleri de dikkate al\u0131nmal\u0131d\u0131r.\r\n\r\nTRABZON HURMASI BAH\u00c7ES\u0130N\u0130N BAKIM \u0130\u015eLER\u0130\r\n\r\nToprak \u0130\u015fleme\r\n\r\nTrabzon hurmas\u0131 bah\u00e7esinde toprak i\u015fleme, \u00f6rt\u00fcs\u00fcz veya \u00f6rt\u00fcl\u00fc yap\u0131labilir. \u00d6rt\u00fcs\u00fcz i\u015flemede, toprak s\u00fcr\u00fclerek toprak \u00fczeri otsuz tutulur. Bu tip toprak i\u015fleme ile yabani otlar\u0131n yok edilmesi yan\u0131nda, ya\u011fmurlarla veya sulama ile meydana gelen kaymak tabakas\u0131n\u0131n k\u0131r\u0131lmas\u0131, b\u00f6ylece suyun topra\u011fa kolay i\u015fleyebilmesi ve topra\u011f\u0131n havalanmas\u0131 sa\u011flanm\u0131\u015f olur. A\u011fa\u00e7lar\u0131n diplerindeki otlar \u00e7apalanarak temizlenir. Sonbaharda pullukla derin bir s\u00fcr\u00fcm yap\u0131l\u0131r. S\u00fcr\u00fcm i\u015fleri toprak tav\u0131nda iken yap\u0131lmal\u0131d\u0131r.\r\n\r\n\u0130lkbahar ve yaz s\u00fcr\u00fcmleri diskli pulluk ile yap\u0131l\u0131r. Bah\u00e7edeki a\u011fa\u00e7lar b\u00fcy\u00fckse, dallar\u0131n k\u0131r\u0131lmamas\u0131na \u00f6zen g\u00f6sterilmeli ve bah\u00e7e tipi k\u00fc\u00e7\u00fck trakt\u00f6rler kullan\u0131lmal\u0131d\u0131r.\r\n\r\nSulama suyunun k\u0131s\u0131tl\u0131 oldu\u011fu yerlerde \u00f6rt\u00fcs\u00fcz toprak i\u015fleme yap\u0131lmal\u0131d\u0131r. Hava neminin az oldu\u011fu yerlede ise \u00f6rt\u00fcl\u00fc toprak i\u015fleme tercih edilmelidir. \u00c7ok a\u011f\u0131r topraklarda \u00f6rt\u00fc bitkisi, topra\u011f\u0131n fazla suyunu kullanmas\u0131 y\u00f6n\u00fcnden yararl\u0131d\u0131r. Meyilli arazilerde \u00f6rt\u00fc bitkisi erozyonun \u00f6nlenmesi ve suyun tutulmas\u0131 i\u00e7in faydal\u0131d\u0131r.\r\n\u00d6rt\u00fcl\u00fc toprak i\u015flemede a\u011fa\u00e7lar\u0131n ta\u00e7 izd\u00fc\u015f\u00fcm\u00fcnde ot kontrol\u00fc yap\u0131l\u0131r. A\u011fa\u00e7lar aras\u0131nda otlar zaman zaman bi\u00e7ilerek yerinde b\u0131rak\u0131l\u0131r.\r\n\r\nSulama\r\n\r\nTrabzon hurmas\u0131 a\u011fa\u00e7lar\u0131n\u0131n iyi geli\u015febilmeleri ve yeterli \u00fcr\u00fcn verebilmeleri i\u00e7in topraktan yeterli miktarda suyu alabilmeleri gerekir. S\u00fcrg\u00fcn geli\u015fmesinin ve meyve b\u00fcy\u00fcmesinin oldu\u011fu ilkbahar ve yaz aylar\u0131nda yeterli ve d\u00fczenli sulaman\u0131n yap\u0131lmas\u0131na dikkat edilmelidir. E\u011fer bu devrelerde sulama yetersiz olursa meyve d\u00f6k\u00fcmleri olabilmektedir. Ayr\u0131ca meyve geli\u015fimi durmaktad\u0131r. D\u00fczensiz sulama ile de meyvelerde \u00e7atlamalar olmaktad\u0131r. Ayr\u0131ca meyve olumuna yak\u0131n sulamalar, meyvelerin \u00e7atlamas\u0131na neden olmaktad\u0131r. Bu sebeple meyvelerde kabuk rengi ye\u015filden sar\u0131ya d\u00f6n\u00fc\u015ft\u00fc\u011f\u00fc devreden sonra sulama yap\u0131lmamal\u0131d\u0131r.\r\n\r\nSonbahar ve k\u0131\u015f aylar\u0131n\u0131n kurak ge\u00e7ti\u011fi d\u00f6nemlerde de sulama yap\u0131lmal\u0131 ancak sulama aral\u0131klar\u0131 daha uzun tutulmal\u0131d\u0131r.\r\nSulama suyu miktar\u0131 ve s\u0131kl\u0131\u011f\u0131, iklim, toprak ve sulama sistemlerine g\u00f6re de\u011fi\u015fiklik g\u00f6sterir. Kar\u0131k usul\u00fc sulama yap\u0131labilir. Bu sulama sisteminde, gen\u00e7 bah\u00e7elerde, a\u011fa\u00e7lar\u0131n iki yan\u0131ndan ge\u00e7irilen kar\u0131klar, geli\u015fmi\u015f a\u011fa\u00e7lar\u0131n bulundu\u011fu bah\u00e7elerde ise a\u011fa\u00e7lar\u0131n iki yan\u0131ndan ge\u00e7irilen iki\u015fer kar\u0131k sistemi ile sulama yap\u0131lmal\u0131d\u0131r. Alttan ya\u011fmurlama sistemi sulama da uygun bir sistemdir.\r\nSulama zaman\u0131n\u0131 ve miktar\u0131n\u0131 ayarlamak i\u00e7in tansiyometre kullan\u0131lmal\u0131d\u0131r.\r\n\r\n\r\nG\u00fcbreleme\r\n\r\nTrabzon hurmalar\u0131na verilecek g\u00fcbre miktarlar\u0131 yaprak ve toprak analiz sonu\u00e7lar\u0131na g\u00f6re tesbit edilmelidir.\u0130yi yanm\u0131\u015f \u00e7iftlik g\u00fcbresi, 3 y\u0131lda bir dekara 3-4 ton hesab\u0131 ile sonbaharda verilmeli ve s\u00fcr\u00fcmle topra\u011fa kar\u0131\u015ft\u0131r\u0131lmal\u0131d\u0131r.\r\n\r\nTrabzon hurmalar\u0131n\u0131n azota ihtiyac\u0131 fazlad\u0131r. Analiz sonu\u00e7lar\u0131na g\u00f6re verilmesi gereken azot miktar\u0131n\u0131n \u00fc\u00e7te biri erken ilkbaharda, kalan k\u0131sm\u0131 nisan-may\u0131s ve haziran aylar\u0131nda olmak \u00fczere verilebilir. A\u015f\u0131\u0131r miktarda verilen azotlu g\u00fcbre \u00e7i\u00e7ek ve meyve d\u00f6k\u00fcmlerine sebep olur.Azotlu g\u00fcbre, a\u011fac\u0131n ta\u00e7 izd\u00fc\u015f\u00fcm\u00fcne, topra\u011fa verildikten sonra toprak \u00e7apalanarak g\u00fcbrenin topra\u011fa g\u00f6m\u00fclmesi sa\u011flanmal\u0131 ve hemen sulama yap\u0131lmal\u0131d\u0131r.\r\n\r\nFosforlu g\u00fcbreler kas\u0131m-aral\u0131k aylar\u0131nda verilebilir. Bu g\u00fcbrenin \u00e7i\u00e7eklenme, meyve tutumu ve k\u00f6k geli\u015fimi \u00fczerine etkisi vard\u0131r.Potasyumlu g\u00fcbrelerin meyve kalitesine etkisi vard\u0131r. A\u015f\u0131r\u0131 potasyum noksanl\u0131\u011f\u0131 g\u00f6r\u00fclen a\u011fa\u00e7lar\u0131n yaprak u\u00e7lar\u0131 ve kenarlar\u0131 sarar\u0131p kurur. A\u015f\u0131r\u0131 meyve d\u00f6k\u00fcmleri g\u00f6r\u00fcl\u00fcr.\r\n\r\nPotasl\u0131 ve fosforlu g\u00fcbreler, birlikte kas\u0131m-aral\u0131k aylar\u0131nda uygulan\u0131r. Bu g\u00fcbreler a\u011fac\u0131n ta\u00e7 izd\u00fc\u015f\u00fcm\u00fcne a\u00e7\u0131lan \u00e7ukurlara verilerek \u00fczerleri toprakla kapat\u0131l\u0131r veya ta\u00e7 izd\u00fc\u015f\u00fcm\u00fcnde a\u00e7\u0131lan 5-6 \u00e7ukura verilip \u00fczeri kapat\u0131larak uygulama yap\u0131l\u0131r.\r\n\r\nMagnezyum noksanl\u0131\u011f\u0131, organik maddece fakir olan topraklarda s\u0131k g\u00f6r\u00fcl\u00fcr. Fazla miktarda potasyum olan topraklarda da magnezyum al\u0131m\u0131 azal\u0131r ve noksanl\u0131k ortaya \u00e7\u0131kar. Magnezyum noksanl\u0131\u011f\u0131n\u0131n belirtileri, a\u011fa\u00e7 meyveyle fazla y\u00fckl\u00fc oldu\u011fu yaz aylar\u0131nda g\u00f6r\u00fcl\u00fcr.\r\n\r\nNoksanl\u0131k belirtileri, meyveli dallardaki alt yapraklar\u0131n damar aralar\u0131n\u0131n sararmas\u0131 \u015feklinde olur, ileri safhada sararan k\u0131s\u0131mlar karar\u0131r ve yapraklar vaktinden \u00f6nce d\u00f6k\u00fcl\u00fcrler.\r\n\r\nMangan noksanl\u0131\u011f\u0131, topra\u011f\u0131n mangan muhtevas\u0131 az ise veya toprak fazla kire\u00e7li ise ortaya \u00e7\u0131kar. Noksanl\u0131k belirtileri, may\u0131s ay\u0131 ba\u015f\u0131nda yeni s\u00fcrg\u00fcnlerin alt yapraklar\u0131nda siyah noktalar \u015feklinde g\u00f6r\u00fcl\u00fcr. \u0130leri durumda s\u00fcrg\u00fcn\u00fcn \u00fcst yapraklar\u0131nda da g\u00f6r\u00fcl\u00fcr. Mangan noksanl\u0131\u011f\u0131 yaprak ve meyve d\u00f6k\u00fcmlerine sebep olur. Noksanl\u0131\u011f\u0131nda, meyve tutumundan hemen sonra yaprak g\u00fcbresi tavsiye edilir.\r\n\r\nDemir noksanl\u0131\u011f\u0131n\u0131n belirtileri, gen\u00e7 yapraklar\u0131n damar aralar\u0131n\u0131n sararmas\u0131 \u015feklinde olur. Yaprak damarlar\u0131 ye\u015fil olarak kal\u0131r. \u00c7ok kire\u00e7li topraklarda demir noksanl\u0131\u011f\u0131 g\u00f6r\u00fcl\u00fcr. PH's\u0131 \u00e7ok y\u00fcksek olan topraklarda dekara 40-50 kg toz k\u00fck\u00fcrt uygulanarak topra\u011f\u0131n PH's\u0131 bir \u00f6l\u00e7\u00fcde d\u00fc\u015f\u00fcr\u00fclebilir. Ayr\u0131ca demir s\u00fclfat veya di\u011fer demirli preparatlar kullan\u0131labilir.\r\nYaprak g\u00fcbreleri sabah erken saatlerde veya ak\u015fam \u00fczeri uygulanmal\u0131d\u0131r.\r\n\r\n\r\nBudama\r\n\r\nDikimden sonraki ilk \u00fc\u00e7 y\u0131lda \u015fekil budamas\u0131 yap\u0131l\u0131r. Fidan\u0131n ta\u00e7land\u0131r\u0131lmas\u0131nda de\u011fi\u015fik doruk dall\u0131 (modifiye lider) sistemi uygulanabilir. \u0130stenirse palmet \u015fekli(?) de verilebilir. De\u011fi\u015fik doruk dall\u0131 sisteminde esas olan, g\u00f6vde \u00fczerinde d\u00fczg\u00fcn aralarla da\u011f\u0131lm\u0131\u015f 3-5 ana dal\u0131n geli\u015fmesini sa\u011flamakt\u0131r.\r\n\r\nK\u0131\u015f\u0131n dikim budamas\u0131 yap\u0131lm\u0131\u015f olan fidanlar\u0131n, may\u0131s-haziran ay\u0131nda ana dallar\u0131 se\u00e7ilir. \u00c7atal olan filizlerden istenmeyenler k\u0131r\u0131l\u0131r. Se\u00e7ilen dallar aras\u0131ndaki mesafe en az 10 cm olmal\u0131d\u0131r. G\u00f6vde ile dallar\u0131n yapt\u0131\u011f\u0131 a\u00e7\u0131 da 45-60 derece olmal\u0131d\u0131r. Se\u00e7ilen dallar\u0131n, a\u011fac\u0131n dengesi y\u00f6n\u00fcnden a\u011fac\u0131n de\u011fi\u015fik y\u00f6nlerine da\u011f\u0131lm\u0131\u015f olmas\u0131 \u00f6nemlidir. Zay\u0131flamas\u0131n\u0131 istedi\u011fimiz dallarda e\u011fme i\u015flemi yap\u0131lmal\u0131d\u0131r. K\u0131\u015f aylar\u0131nda daha \u00f6nce ba\u011flanan dallar \u00e7\u00f6z\u00fcl\u00fcr, a\u00e7\u0131lar kontrol edilir. \u00c7atal ve obur dallar temizlenir. \u00c7ok zay\u0131f s\u00fcrg\u00fcnler kesilip at\u0131l\u0131r. Ana dallar kuvvetlerine g\u00f6re 40-45 cm'den d\u0131\u015fa bakan bir g\u00f6z \u00fczerinden kesilir.\r\n\r\n\u0130kinci y\u0131l yaz aylar\u0131nda ye\u015fil budama uygulan\u0131r. Her ana dal \u00fczerinde, yard\u0131mc\u0131 dallar se\u00e7ilir. Ana ve yard\u0131mc\u0131 dallar\u0131n kuvvetli geli\u015fmesi i\u00e7in di\u011fer dallar e\u011filir. \u0130stenmeyen filizlerden k\u0131rma yap\u0131l\u0131r. \u00dc\u00e7\u00fcnc\u00fc y\u0131l ayn\u0131 i\u015flemler devam eder. Ta\u00e7 te\u015fekk\u00fcl\u00fcnden sonra fazla bir i\u015fleme gerek yoktur. \u00c7ok kuvvetli b\u00fcy\u00fcyen dallarda tepe alma yap\u0131lmal\u0131d\u0131r. \u00c7ok zay\u0131f ince dallar, birbirine ge\u00e7mi\u015f, hasta ve yaral\u0131 dallar k\u0131\u015f\u0131n kesilip at\u0131l\u0131r. Alt dallar\u0131n meyve y\u00fck\u00fc ile e\u011filip k\u0131r\u0131lmalar\u0131n\u0131 \u00f6nlemek i\u00e7in tepe alma yap\u0131lmal\u0131 veya bu dallar hereklerle desteklenmelidir.\r\n\r\nMeyve Tutumu ve Seyreltilmesi\r\n\r\nBaz\u0131 \u00e7e\u015fitlerde periyodisite g\u00f6r\u00fclebilir. Bu durumda, a\u015f\u0131r\u0131 verim olan y\u0131lda \u00e7i\u00e7eklerde seyreltme yap\u0131labilir. \u0130hracat i\u00e7in kaliteli meyve istenirse her meyve dal\u0131nda bir meyve b\u0131rak\u0131l\u0131p, meyvenin etraf\u0131ndaki yapraklar, meyveye zarar vermemesi i\u00e7in kopar\u0131lmaktad\u0131r.\r\n\r\nBaz\u0131 \u00e7e\u015fitlerde a\u015f\u0131r\u0131 meyve d\u00f6k\u00fcm\u00fc g\u00f6r\u00fclmektedir. Meyve d\u00f6k\u00fcm\u00fcn\u00fcn sebepleri \u015funlard\u0131r:\r\n- A\u015f\u0131r\u0131 meyve tutumu\r\n- Tozlanma veya d\u00f6llenmenin olmamas\u0131\r\n- A\u015f\u0131r\u0131 sulama veya susuz kalma\r\n- A\u015f\u0131r\u0131 azotlu g\u00fcbreleme ve bunun sonucu dengesiz vegetatif geli\u015fme\r\n- A\u015f\u0131r\u0131 potasyum ve mangan noksanl\u0131\u011f\u0131\r\n- Unlu bit zararl\u0131s\u0131n\u0131n etkisi\r\n\r\n\r\nHastal\u0131k ve Zararl\u0131larla Sava\u015f\r\n\r\n\u00d6zel bir ara\u015ft\u0131rma yap\u0131lmamakla beraber, baz\u0131 genel hastal\u0131k ve zararl\u0131lar\u0131n trabzonhurmalar\u0131nda da etkili oldu\u011fu bilinmektedir.\r\nBunlardan k\u00f6k kanseri, antraknoz ve a\u00e7\u0131 \u00e7\u00fcr\u00fckl\u00fck en yayg\u0131n olanlar\u0131d\u0131r. Ayr\u0131ca yaprak leke hastal\u0131\u011f\u0131 ve yaprak saplar\u0131nda, gen\u00e7 dallarda yan\u0131kl\u0131k yapan hastal\u0131k trabzonhurmalar\u0131nda g\u00f6r\u00fclebilmektedir.<\/pre>\n","protected":false},"excerpt":{"rendered":"<h2>Hachia \u00c7ikolatal\u0131 Trabzon Hurmas\u0131 Fidan\u0131<\/h2>\n<p>Yabani \u00e7\u00f6\u011f\u00fcrler \u00fczerine a\u015f\u0131lanarak veya \u00e7elik y\u00f6ntemiyle \u00fcretilen hachia \u00e7ikolatal\u0131 Trabzon hurmas\u0131 fidan\u0131n\u0131n bilinen di\u011fer ismi cennet meyvesidir. Kendine verimli bir cins olup meyvesi yumu\u015fakken t\u00fcketildi\u011finde \u00e7ok lezzetlidir. Ekim ay\u0131nda hasat edilen hachia \u00e7ikolatl\u0131 Trabzon hurmas\u0131 hasat edildi\u011fi gibi t\u00fcketilebilir.<\/p>\n<p>.<\/p>\n","protected":false},"featured_media":247,"comment_status":"open","ping_status":"closed","template":"","meta":[],"_links":{"self":[{"href":"http:\/\/yalovaorganik.com\/index.php\/wp-json\/wp\/v2\/product\/19"}],"collection":[{"href":"http:\/\/yalovaorganik.com\/index.php\/wp-json\/wp\/v2\/product"}],"about":[{"href":"http:\/\/yalovaorganik.com\/index.php\/wp-json\/wp\/v2\/types\/product"}],"replies":[{"embeddable":true,"href":"http:\/\/yalovaorganik.com\/index.php\/wp-json\/wp\/v2\/comments?post=19"}],"wp:featuredmedia":[{"embeddable":true,"href":"http:\/\/yalovaorganik.com\/index.php\/wp-json\/wp\/v2\/media\/247"}],"wp:attachment":[{"href":"http:\/\/yalovaorganik.com\/index.php\/wp-json\/wp\/v2\/media?parent=19"}],"curies":[{"name":"wp","href":"https:\/\/api.w.org\/{rel}","templated":true}]}}